+ (-1 - (0 - 5))?
1
4 - 6 - (1 + 2 + -4)
-1
Evaluate -8 + 13 + -13 + 1.
-7
What is 4 + -12 + -1 + 4 + 10?
5
Calculate 2 + (8 - (-2 + 2)) - 5.
5
Calculate 5 - (-1 + -3 + (-1 - -15)).
-5
-7 + (2 - -1) + (9 - 3)
2
Calculate -2 + 6 - (5 - (19 - 9)).
9
What is 9 + -4 - (-1 - 3)?
9
Calculate 5 - (1 + 15 + -10).
-1
What is the value of (2 - 3 - 6) + 11 + 2?
6
Evaluate 9 + (14 + -7 - 12).
4
Calculate -3 + (1 - 1) - -6 - 5.
-2
Evaluate -9 + (-5 - (-14 + 3)).
-3
What is -10 + -1 + 0 + 12?
1
What is the value of (-3 - (-4 + -3)) + -5?
-1
Evaluate 9 + 2 + -6 + -3.
2
What is the value of 7 - (-7 + 9 + 5)?
0
5 - ((-3 - -4) + (1 - 0))
3
Calculate 2 + -6 - (0 - 5).
1
What is -1 + 2 + 11 + (9 - 15)?
6
Evaluate -2 + 8 + 19 + -19.
6
Calculate 6 + (3 - (-2 + 3) - 3).
5
(0 - 5) + 5 + -3
-3
Evaluate 0 + (-5 + 1 - -5).
1
What is the value of -45 - -47 - (0 + 0) - -5?
7
Calculate -3 + 5 + (-3 - -3).
2
-5 + 5 - -4 - 2
2
-9 + 8 + 1 + -2
-2
(-6 - (-2 - 1)) + 8 - 0
5
Calculate (2 - -6) + (-21 - -16).
3
What is the value of 0 + -1 + 7 + 1 + -6?
1
Evaluate -4 + 9 - -7 - 19.
-7
Calculate -2 - (3 - (7 - 6) - 6).
2
Evaluate -3 - (2 + (-10 - 2)) - 12.
-5
What is 3 + (2 - -2 - (-10 + 14))?
3
What is the value of (7 - (3 + 0)) + -3 - 0?
1
Evaluate 1 + (-1 - (-8 + 11)).
-3
Evaluate -21 + (3 - -3) + 9.
-6
What is 12 - (-10 + 9 - -4)?
9
Evaluate -14 + 7 + 4 + 3.
0
What is -3 - (-7 - (9 + -5 - -1))?
9
Calculate 7 - (10 - (7 + -2 - 0)).
2
Evaluate -1 + -2 - (-11 - (2 + -5)).
5
What is the value of 0 + (-32 - -31) + -3 + 0?
-4
What is the value of 4 - 8 - -6 - 7?
-5
Evaluate -1 - (4 - (11 + -3)).
3
What is (-1 - -2) + 4 + -7 + -2?
-4
Evaluate (-5 - -10) + -3 - (8 + -12).
6
Evaluate 9 + (-10 - (-4 - 3)).
6
What is the value of 7 + (-7 - (2 - -2))?
-4
Evaluate -2 + 7 + -3 - (-5 + 2).
5
What is 12 - (13 + (5 - 6))?
0
Calculate -10 - -6 - (0 + (3 - 5)).
-2
Evaluate 3 - ((4 - (2 - 3)) + -2).
0
What is 1 + 3 + -2 + 0?
2
Calculate -13 - (-7 + (4 - 3)).
-7
Evaluate -6 + 7 + 9 + -2 + -3.
5
Evaluate -5 + -3 + -13 + 26.
5
Evaluate 1 + 0 + (-17 - -20) + -11.
-7
Calculate (-5 - -2) + (-1 - (0 - 3)).
-1
Calculate -8 - (-8 - (-3 - -10)).
7
-2 + -2 + 0 + 3 + 0
-1
What is the value of 0 + -1 + (3 - 2)?
0
What is -6 - (0 + (2 - 1 - 2))?
-5
(1 - -6 - 3) + -5
-1
Calculate -2 + 3 - 5 - 3 - -3.
-4
Evaluate -4 + 0 + 10 + 4 + -8.
2
What is the value of -3 - (1 - (4 + -2))?
-2
1 + (-9 - 3) + (5 - 0)
-6
What is the value of 5 - (4 - 1 - (-14 + 13))?
1
What is the value of 0 - (0 + 1) - (-33 - -29)?
3
What is 2 + -3 - (-3 + (-1 - -8))?
-5
-11 - -12 - (8 - 4) - 7
-10
Evaluate 7 + -11 + -2 + 5.
-1
Evaluate (-1 - -10) + -5 + -1.
3
What is the value of (-42 - -40) + (1 - (-1 - 1))?
1
Calculate -9 - (0 - (1 + 11)).
3
What is 9 - 14 - ((-3 - 0) + 0)?
-2
Calculate (-2 - -3) + -1 + 2.
2
Evaluate 12 - (6 + -4 + 0 - 1).
11
Evaluate 13 + 0 - (-8 + (30 - 16)).
7
(-23 - -25) + (-4 - (0 + 0))
-2
Evaluate -12 + 4 + 1 + 2 + 1.
-4
What is the value of (2 + -2 - -2) + -3 + -1?
-2
What is 4 + 1 + -3 + -4?
-2
What is 0 + (1 - 4) + 7?
4
What is the value of 4 + (-1 + 1 + 2 - 4)?
2
What is (-6 - 3) + 4 - -7?
2
Calculate 5 - (0 - 1 - (40 - 39)).
7
Evaluate 10 - (-9 + 10 - (1 + -5)).
5
-49 + 53 - (4 + 1)
-1
Evaluate -6 - (-2 + 0 + (-1 - 0)).
-3
What is the value of -48 - -44 - (1 - 4)?
-1
Calculate 1 + -1 - -4 - 9.
-5
Evaluate 6 + -2 + (-3 - 0).
1
(0 + -1 - 1) + 0 + 7
5
1 - (5 - (3 + 1))
0
What is 1 + (8 - 4) + -3?
2
Calculate -4 + -4 + 21 + -10.
3
What is the value of -13 - (-25 + -9 + 12)?
9
What is the value of (3 - (5 - -7)) + 7?
-2
What is the value of (0 - -2) + -7 + 10 - 2?
3
Calculate 3 - (4 - (0 - 2)).
-3
What is (-3 - -1) + 11 + (41 - 44)?
6
What is the value of -5 + 1 + 1 + (6 - 6)?
-3
Evaluate 7 + (1 - 9 - 1 - -4).
2
(-2 - 1 - 2) + 3
-2
Calculate 5 + (-10 - (5 + -5)) + -2.
-7
What is the value of 1 + 0 + (2 - -1) + -7?
-3
5 - (0 - (-7 - 4 - -5))
-1
Evaluate (2 - (0 + -1)) + (-5 - -3).
1
What is 0 + 3 + (7 - 3) + -2?
5
Evaluate 2 + -4 + (-5 - -16) + -6.
3
Evaluate -2 + 1 - (-10 + 9) - 6.
-6
3 - (0 - 8 - -9)
2
What is the value of 1 - ((-5 - -1) + (-7 - -8))?
4
What is the value of -25 - -29 - (1 + -1 + 1)?
3
(-10 - -2) + 33 + -23
2
What is -9 + (-3 - -2) + 6?
-4
Evaluate -3 - (1 + 0 + -3).
-1
(-1 + -1 - 1) + (-4 - -9)
2
What is the value of 1 + -6 + (5 - -1) - 4?
-3
(5 - 2) + -8 - -6
1
Evaluate -1 - (-4 - -3) - (-2 + 2).
0
(-10 - -2) + 8 - -4
4
What is the value of -5 + 1 + -3 + 8?
1
What is the value of 6 - (-10 - 1 - -21)?
-4
Calculate -9 - -37 - 11 - 11.
6
Evaluate 4 - (7 - 15 - -9).
3
What is the value of 2 + -3 - (-3 + -3)?
5
Calculate 47 + -54 - (-7 - -1).
-1
What is the value of 5 + (7 - (8 - 2))?
6
Evaluate (-178 - -173) + (-1 - -1 - -7).
2
Evaluate -18 + 9 - -5 - (0 - 11).
7
What is the value of (-2 + 2 - 0) + -3?
-3
Calculate -2 + (2 - 5) - -8.
3
What is 9 + (-1 + -9 - 0)?
-1
What is the value of (0 - -1) + (-4 - 0 - -4)?
1
Evaluate (-9 - -13 - (-1 - -2)) + 4.
7
Evaluate 3 - 5 - (-10 + 3).
5
Evaluate 14 - (18 + -10) - (13 + 0).
-7
Calculate (-11 - -21) + -9 + 3.
4
What is the value of 2 + 4 + -10 - (-3 + 0)?
-1
What is 20 + -13 - (-2 + 4)?
5
Calculate -1 - 9 - -6 - -1.
-3
Calculate (-4 - 2) + (-28 - -38).
4
Evaluate -5 - -2 - -5 - 3.
-1
(2 - 2) + (8 - 6) + -1
1
What is 1 + 4 + (4 - (4 + -1))?
6
Evaluate -1 + 0 + 14 + -13 + -2.
-2
What is the value of -2 - (-3 + (3 - -5) + -2)?
-5
Calculate 1 + 6 + -10 - -5.
2
What is (3 - 0) + -4 + (-1 - 0)?
-2
What is the value of 10 - 10 - (0 + 1)?
-1
Evaluate 0 + (7 - 6) + -4.
-3
Evaluate -3 - ((0 - 3) + (-4 - -3)).
1
Evaluate -8 - (4 - (8 - 7 - -4)).
-7
What is the value of -6 - (-9 - -4 - 5 - -6)?
-2
What is -4 - ((-4 - (-7 + 4)) + -1)?
-2
2 + -3 - (-12 - -13)
-2
What is the value of -10 - (-3 + 3 + -2)?
-8
What is the value of -5 + (1 - -1) - -3 - -2?
2
What is the value of (14 - 5) + (-2 - 2)?
5
Calculate 3 + -2 + (-21 - -25).
5
What is the value of -1 - (1 - (5 + -4 + 5))?
4
Calculate -14 + (-14 - -23) + 1 + 0.
-4
0 - (2 + -1) - -2 - -3
4
(1 - 1) + (9 - 7)
2
What is the value of -11 - (9 - 14 - (0 + 1))?
-5
Calculate -2 + 4 + -7 + 9.
4
3 + (-5 - -10) - 14
-6
Evaluate -1 - (-7 + 13) - -3.
-4
What is the value of (4 + 0 - 0) + -3 + 1?
2
What is 4 - (-1 - (-2 + -3))?
0
(-6 - -24) + -34 + (1 - -7)
-8
What is the value of -4 + 0 - (-4 - (-3 - -2))?
-1
-1 - (-3 - -6) - (8 + -6)
-6
What is -8 + 20 + (-8 - -1)?
5
-1 - (-3 - -1) - (7 + -7)
1
What is the value of 0 - (-4 + (1 - -6))?
-3
Calculate -7 + (-1 + 14 - 4).
2
Calculate (1 - -1) + 3 - (-21 - -22).
4
Evaluate 1 - 8 - (1 - (-2 - -9)).
-1
Calculate (0 - -6) + 98 + -101.
3
Calculate 7 + -3 - (0 - 0).
4
What is the value of 3 + 5 + -2 + -7?
-1
Calculate -2 - (-3 - (5 - 5)).
1
What is the value of -15 - (-16 - (1 - 7))?
-5
What is 1 + (-3 - 0) - (-7 - -10)?
-5
What is 1 - -1 - (-14 + (9 - -5))?
2
-5 - -11 - (-1 - -11)
-4
Calculate (-3 - (2 - 3)) + -4 + 6.
0
Calculate 4 - (2 + 5 + (0 - -2)).
-5
Calculate 3 - 2 - (7 - 2).
-4
What is -33 + 37 - (8 + (2 - 1))?
-5
What is the value of -1 + -1 + (-1 - 0)?
-3
-14 + (-15 - -23) + 3
-3
What is 11 - 7 - (6 + 3)?
-5
Evaluate -3 + 1 + 5 + (-6 - 0).
-3
What is 0 + (2 - 2) + 4?
4
4 + -1 + 3 + -3
3
-9 + (2 - -6 - 3)
-4
What is (0 - (3 + -4) - -4) + 1?
6
What is (-4 - ((3 - 8) + 0)) + -3?
-2
Evaluate 46 - 46 - (-1 + 1 + -4).
4
What is the value of (0 - 0) + (5 - 1)?
4
-8 + 4 + 2 - 0
-2
What is the value of (4 - 2) + -5 + 1 + 0?
-2
-7 + 1 - (-3 - 0)
-3
-1 + (7 - (1 + 4) - -2)
3
(1 - 2) + (-3 - -4)
0
Calculate -1 + 9 - (-31 + 35).
4
What is the value of 0 - 4 - (-13 - -8)?
1
(5 - 3 - 3) + -1 + -1
-3
What is 6 + 4 + -14 + 10?
6
What is -3 + (-4 - -9) + -6?
-4
Evaluate -12 + 1 + (70 - 60).
-1
What is the value of -4 + 2 + -7 + 1 + 2?
-6
-5 + 4 + -4 + 1
-4
Evaluate 2 + (-3 - (4 + -6 + -7)).
8
-2 + -4 + 7 - -1
2
Calculate -6 - (-15 + (0 - -10)).
-1
What is 0 + -10 + (122 - 112)?
0
Evaluate (2 - 1) + (4 - 5) + -4.
-4
2 + (-3 - -4) + -5
-2
-2 + -1 - (-13 - (-11 + 4))
3
What is the value of (-48 - -43) + 1 + (1 - 2)?
-5
What is -2 - ((-7 - (2 + -5)) + 3)?
-1
3 + -4 + 1 + 1 - -2
3
What is the value of (0 - 6) + 0 + 1 + 3?
-2
What is the value of -8 + (14 + -14 - (-1 + -4))?
-3
Evaluate 6 + (-39 - -40) + -16 + 1.
-8
5 - (20 + (1 - 5) + -7)
-4
Evaluate -9 - (-5 + -1 + -2).
-1
What is the value of 6 + (4